z(g) = -5*j(g) - 8*v(g). What is the units digit of z(k)?
3
What is the tens digit of (-2*(-802)/6)/(462/2079)?
0
Let x = 429 + -192. Suppose -2*a = -35 - x. What is the hundreds digit of a?
1
Let h(x) = -4*x - 28. Let u be h(0). What is the tens digit of (u/18)/(-7) - 1832/(-18)?
0
Suppose 0 = 88*j - 93*j + 165. What is the units digit of j?
3
Suppose -8*z + 5*z + 48 = 0. Let p = -47 + z. Let s = -30 - p. What is the units digit of s?
1
Let z(i) = i**3 + 9*i**2 - i - 7. Let k be z(-9). Let d be 8 - (1 - 0) - k. Suppose -14 = -5*n - 3*c + 111, -4*c - 90 = -d*n. What is the tens digit of n?
2
Let l(c) = -2*c - 6. Let v be l(-5). Suppose -2*t = s + 3*s - 112, -v*t + s = -215. What is the units digit of t?
4
Let l = 9 + -5. Let z be 66/(-8) + (-3)/l. What is the units digit of z/(1/2 - 2)?
6
Let y be (-338940)/(-300) - (-1)/(6 - 1). Suppose p = -2*i + 450 + 121, -2*p - y = -4*i. What is the tens digit of i?
8
Let h = 32 + -24. Let d = -2 + h. Let q = d - 4. What is the units digit of q?
2
Suppose 10 - 34 = -6*f. Let i(x) = 14*x**2 + 3*x + 44. Let n(m) = -5*m**2 - m - 15. Let g(b) = -6*i(b) - 17*n(b). What is the units digit of g(f)?
3
Let n = -16 - -13. Let z be 12/(-8)*4/n. What is the units digit of 1*19/(z/2)?
9
Let b(d) be the third derivative of -d**5/60 + d**4/3 - d**3/6 - d**2. Let v(o) = o**2 - 5*o + 1. Let x be v(6). What is the units digit of b(x)?
6
Let w(o) = -2*o**2 - 3*o + 4*o**3 + 2*o - o + o - 1. Let z be w(3). Suppose 3*l - z = -3*a + 7*l, 1 = l. What is the tens digit of a?
3
What is the hundreds digit of (-2 - 78/(-5))*40?
5
Let s = -63 + 66. Let n(r) = 5*r**3 - 6*r**2 + 2*r + 10. What is the tens digit of n(s)?
9
Suppose 3*i - 4*t - 2105 = 0, -i + 5*t = -445 - 242. What is the units digit of i?
7
Let y = 1589 - 672. What is the tens digit of y?
1
Let v(t) = -t**3 + 23*t**2 - 80*t - 18. What is the tens digit of v(12)?
0
Let v be 101/6 + (-7)/(-6*7). Suppose 15*p + 12 = v*p. What is the units digit of p?
6
Let u = -153 - -156. Suppose -3*o - v = -482 - 71, 0 = u*o + 4*v - 547. What is the units digit of o?
5
Let s(y) = 37*y**3 - 4*y**2 - 5*y - 2. What is the units digit of s(3)?
6
Suppose 2*m + 3*a - 721 = 0, -3*m + 7*a = 3*a - 1124. What is the tens digit of m?
6
Let r(w) be the first derivative of w**4/4 - 14*w**3/3 + 17*w**2/2 + 4*w + 13. What is the units digit of r(13)?
6
Suppose -320 = 2*x - 612. What is the units digit of x?
6
Let j be -13 + 3*2/3. Let i be (9 + 1)/(j/(-792)). What is the tens digit of i/21 - 4/14?
3
Suppose 4*w - 108 = 8. Suppose -346 = -w*l + 28*l. What is the hundreds digit of l?
3
Let i = 2282 - 1511. What is the units digit of i?
1
Let m(s) = 324*s - 174. What is the hundreds digit of m(14)?
3
What is the hundreds digit of 4/1 - 1452/36*-3?
1
Suppose 7*c = 2*c + 15. Let y be (138/(-9))/((-3)/(-81)). What is the units digit of (c/2)/((-9)/y)?
9
Let o(c) = -3*c - 20. Let t be o(-8). Suppose 4*w - t*a + 28 = 0, -w - 7 = a - 0*a. Let u(l) = l**2 + l - 1. What is the tens digit of u(w)?
4
Let i = -73 - -118. Suppose -b = 4*b - i. What is the units digit of b/15 - 17/(-5)?
4
Suppose 0 = -2*p - 5*u - 34 - 1, -5*u - 25 = 0. Let t be 9/45 + (-39)/p. Let w = t - 6. What is the units digit of w?
2
What is the units digit of 288/32 - (-872 + -1)?
2
Suppose -22*f = -19*f - 288. What is the tens digit of f?
9
Suppose -118 - 120 = -7*i. What is the units digit of i?
4
Let q(o) = -9*o - o**2 + 12 + 15 + 8 - 28. What is the units digit of q(-9)?
7
Let m = -20 - -22. Suppose -23 = -m*q - 9. Suppose q*p - 258 = p. What is the tens digit of p?
4
Suppose 0 = 4*a - 4*s - 472, 0*a - 3*a - 4*s + 333 = 0. What is the units digit of a?
5
Suppose -2*d = -j - 9, 2*d + 22 + 14 = -4*j. Let m(z) = -20*z - 15. What is the tens digit of m(j)?
6
Let z be 250/6 - 2/(-24)*4. Suppose 13*q = 14*q - z. What is the tens digit of q?
4
Let f = -26 - -28. Suppose 54 - 14 = 5*r - 2*x, f*r + 5*x = 45. What is the tens digit of r?
1
Let b = -502 - -1744. What is the hundreds digit of b?
2
Suppose 17 = -9*a + 53. What is the units digit of a?
4
Let z = 11415 - 7810. What is the thousands digit of z?
3
Suppose 0 = -2*y - k + 95, k + 20 = y - 20. Suppose y = 2*u - 51. Let v = -29 + u. What is the units digit of v?
9
Suppose w + 6 - 8 = 0. What is the tens digit of (-9)/15*((-372)/w + 1)?
1
Let h be (-14 + 14)*(0 + 1). Suppose 21 = 7*a - h*a. Suppose 0 = 2*y + 4*j - 66, a*j = -4*y - 0*y + 122. What is the units digit of y?
9
Suppose 0 = 3*k - 232 + 40. Let i = 123 - k. What is the tens digit of i?
5
Let i(z) = z - 3. Let y be i(6). Suppose -2*l + 4*x + 232 = 0, -3*x + 327 = y*l - 2*x. What is the hundreds digit of l?
1
Suppose -12 = -f - f. Let b(v) be the second derivative of -v**4/12 + 5*v**3/3 - 10*v**2 + 2*v + 2. What is the units digit of b(f)?
4
Let q = -494 + 536. Let y be 4/(-10) + 489/(-15). Let g = y + q. What is the units digit of g?
9
Let p be (5/(-10))/((-4)/24). Suppose -x = -3*a + 17, -4*a - p*x + 4*x = -21. What is the units digit of 51 - (2 + a + -3)?
8
Let h = -1 + 4. Suppose 1 - h = -b. Suppose 10 = 5*l, -2*l - 3*l + 40 = b*f. What is the units digit of f?
5
Let g(n) = 37*n**2 - 19*n + 14. Let s(k) = 19*k**2 - 10*k + 7. Let t(a) = 4*g(a) - 7*s(a). What is the tens digit of t(3)?
2
Let u(n) = n**3 - 3*n**2 - 3*n - 4. Let i be u(4). Let f = i + 7. What is the units digit of f?
7
Let w(i) = 112*i**2 + 7*i - 13. What is the units digit of w(2)?
9
Let r(s) = 15 - 31 + 3*s**2 - 19*s + 16 + 9. What is the units digit of r(6)?
3
Suppose 6*i - 26 = -3*u + i, 4*i = -u + 18. Let b be 2 + 0 + -2 - -3. Suppose 5 = -2*z - b, 56 = u*p + 3*z. What is the tens digit of p?
3
Let n be (-6)/4*40/15. What is the units digit of 10/n*-18 - -4?
9
Let r = 11 - 6. Suppose -r*s + 85 = -j + 4*j, -s - 2*j + 24 = 0. What is the tens digit of s?
1
Suppose -6 = -3*v + 9, -5*d = -2*v + 90. Let a = 61 + d. What is the units digit of a?
5
Let q = 795 + -81. What is the units digit of q?
4
Suppose -2*n - 2*n + 24 = 0. Suppose -n*g = -11*g + 10. Suppose -l = g*l - 33. What is the tens digit of l?
1
Let c = -17 + 22. Suppose -20 = 5*o, 0 = 2*h + c*o - 138 + 54. What is the units digit of h?
2
Let c = -3071 + 6268. What is the tens digit of c?
9
Let t(p) = -p**2 + 9*p - 8. Let b(x) = -12*x. Let n be b(-2). Let a = -18 + n. What is the tens digit of t(a)?
1
Suppose 65*n - 34712 - 41598 = 0. What is the tens digit of n?
7
Let d = 18 - 14. Suppose 4*w = 3*c - 165, -d*w - 4*c - 24 = 148. What is the units digit of ((-38)/6)/(14/w)?
9
Let i = 3512 - 1137. What is the units digit of i?
5
Let a(x) = -5*x**3 - 14*x**2 - 16*x - 11. Let r(q) = -q**3 + 1. Let o(v) = a(v) - 4*r(v). Let j be (221/(-68))/((-2)/(-8)). What is the tens digit of o(j)?
2
Suppose 4*y - 3*g = 1755, 0 = -2*y + 2*g - 244 + 1120. Let f = y + -205. What is the tens digit of f?
3
Let j(q) = 2*q**3 + 3*q**2 + q. Let f(m) = -2*m**3 - 3*m**2 + 1. Let v(t) = -5*f(t) - 4*j(t). What is the tens digit of v(4)?
5
Suppose -4*w - 38 = -5*v, -6 + 20 = 3*v + 2*w. Let y(u) = u + 8. Let t be y(v). Let i = 38 - t. What is the units digit of i?
4
Suppose -3*h = 3*c - 27, 4*h - 4*c + 2 = -2. Suppose i - 392 = -5*u, -u - h*i + 3*i + 80 = 0. What is the units digit of u?
8
Let j(y) = 69*y. Let q be j(3). Let v = 205 + -160. Suppose 2*i + 3*x - v = 88, q = 3*i - 3*x. What is the tens digit of i?
6
Let t(r) = -r**3 + 28*r**2 + 27*r + 49. Let q be t(29). What is the units digit of (-7820)/(-45) - 2/q?
4
Suppose 0*f + 28800 = 10*f. What is the tens digit of f?
8
Let b(m) = 890*m + 8. What is the tens digit of b(1)?
9
Let j = -74 + 80. Let n(p) = 5*p**2 + 3*p + 18. What is the hundreds digit of n(j)?
2
Let z = -1722 + 1720. Let i be 1/(1*(-1)/(-3)). What is the units digit of 3*(3 - z)*i?
5
Let n(l) = l**2 + 4*l - 2. Let v be n(-5). Suppose -v*o = 2*o - 10. Suppose -2*b = 4*w - 2*w - 52, -5*w + 158 = -o*b. What is the units digit of w?
0
Suppose 0 = 5*l - 141 - 34. Suppose 6*c = 5*c + l. What is the units digit of c?
5
Let d be (1183/14)/(3/(-6)). Let m = d + 238. Let l = -36 + m. What is the tens digit of l?
3
Let c be -1 + 4 - (-1 + 0). Suppose 3*d = c*d + 3. What is the units digit of 4*(1 + -2 - d)?
8
Let n(m) = 86*m - 3 + 29*m - 3*m + 151*m. What is the tens digit of n(1)?
6
Suppose 5*p - 2585 = 5*m, 4*p = 5*p - 5*m - 509.